
Convert -11255a9 (base 13) to base 3.
-100220121020020
2203213220 (base 4) to base 3
1021001022122
Convert -420718 (base 13) to base 15.
-2074ed
Convert -471878 (base 9) to base 11.
-184062
Convert 6dbb93 (base 14) to base 9.
7058117
What is 72d160 (base 15) in base 5?
2344223230
cf0fa (base 16) to base 14
181122
-326506 (base 7) to base 3
-2220220211
-111110001001101000 (base 2) to base 14
-68ab6
-411332301 (base 6) to base 8
-32766055
What is -2441310 (base 7) in base 14?
-81d07
What is -681ba (base 13) in base 11?
-11a219
What is -3b0c29 (base 13) in base 8?
-5351141
What is 102157 (base 14) in base 2?
10000100101101100001
-211121212 (base 3) to base 9
-24555
-418acf (base 16) to base 7
-51336650
What is 44a57 (base 12) in base 13?
3277c
Convert 401522 (base 6) to base 8.
75432
Convert -2a734c (base 13) to base 9.
-1861262
Convert -740572 (base 10) to base 3.
-1101121212121
What is 18635 (base 16) in base 9?
162022
-625602 (base 9) to base 7
-3105143
What is 187992 (base 10) in base 13?
6774c
Convert -1396168 (base 13) to base 15.
-82a534
-15441 (base 6) to base 7
-10264
Convert 1152517 (base 10) to base 12.
476b71
Convert -453040102 (base 6) to base 11.
-4734402
420325 (base 6) to base 16
841d
3165311 (base 7) to base 12
167492
Convert -1417943 (base 15) to base 4.
-313111020033
What is -6a383 (base 14) in base 6?
-5313223
What is -1471377 (base 8) in base 7?
-3410142
What is -2120000101 (base 3) in base 7?
-266452
What is 121330020 (base 4) in base 16?
19f08
Convert -126346 (base 10) to base 2.
-11110110110001010
-220120033 (base 4) to base 12
-7b867
What is 33233 (base 10) in base 14?
c17b
What is 7b4b3 (base 12) in base 11?
102963
What is 101001000110110 (base 2) in base 10?
21046
What is 22155661 (base 7) in base 11?
10974a7
Convert 102112020110002 (base 3) to base 8.
27275041
-480321 (base 11) to base 15
-100a63
Convert -7a050 (base 13) to base 15.
-45b77
What is -96392 (base 11) in base 13?
-4ba91
Convert -17700367 (base 9) to base 15.
-bb1ebd
Convert 1312433312 (base 5) to base 13.
899c10
What is -112643225 (base 7) in base 9?
-14040315
What is -1022010220021 (base 3) in base 16?
-a8e23
What is 1b9823 (base 13) in base 15?
de57d
-244021330 (base 5) to base 3
-2011211002100
Convert b5d142 (base 15) to base 11.
4979201
-aaf3 (base 16) to base 12
-213ab
Convert 126452 (base 8) to base 9.
66725
203031230 (base 4) to base 12
6b578
What is -303011201000 (base 4) in base 6?
-1155011412
Convert -2519295 (base 12) to base 2.
-11011101010101101010001
-10335300 (base 6) to base 11
-1a072a
Convert -964596 (base 10) to base 3.
-1211000011210
-6207733 (base 8) to base 11
-a22005
What is 3856b (base 12) in base 15?
17b75
Convert -1a36ab0 (base 12) to base 14.
-a46060
Convert 411333440 (base 5) to base 4.
12113032123
Convert 20ba298 (base 12) to base 7.
103564355
What is 3cb77 (base 14) in base 11?
a3031
Convert 19e64 (base 15) to base 16.
14914
Convert 2e8095 (base 16) to base 5.
1240010243
What is -233203034 (base 5) in base 16?
-105058
-13131330 (base 4) to base 16
-777c
What is 1002122111021112 (base 3) in base 12?
533a128
1c690 (base 15) to base 13
331cb
-108f6b (base 16) to base 14
-20372b
What is -6b9400 (base 13) in base 12?
-a36a36
10100011110111100011101 (base 2) to base 4
110132330131
What is -166286 (base 9) in base 3?
-12020022220
What is 72321 (base 8) in base 12?
15381
Convert -1010111101001101 (base 2) to base 9.
-67503
What is -1110201331 (base 5) in base 16?
-250db5
Convert 65749 (base 13) to base 5.
21333340
Convert 100c1a (base 16) to base 12.
428736
146682 (base 9) to base 15
1bb02
Convert -10151 (base 7) to base 13.
-1193
What is -3356810 (base 11) in base 13?
-12ab4c2
Convert -243181 (base 12) to base 10.
-586033
What is -d3b2a (base 16) in base 12?
-359976
Convert 2005d (base 16) to base 5.
13144130
1b483 (base 12) to base 3
2001110000
Convert -5cb47 (base 15) to base 12.
-123487
68f01 (base 16) to base 5
102223300
What is -456159 (base 16) in base 8?
-21260531
What is 211102021222 (base 3) in base 15?
8ab25
What is -4216271 (base 8) in base 2?
-100010001110010111001
Convert 31325031 (base 7) to base 13.
71803b
What is -2451431 (base 10) in base 6?
-124313115
Convert ee007 (base 16) to base 10.
974855
Convert -4443362 (base 10) to base 3.
-22100202010222
What is -1689672 (base 12) in base 7?
-54422663
-30202351 (base 6) to base 3
-1121111010011
What is -10000021121211 (base 3) in base 13?
-440299
Convert -1112254 (base 7) to base 13.
-4a88a
efd28 (base 16) to base 10
982312
1734234 (base 11) to base 7
34030022
720a3 (base 11) to base 12
50aba
Convert 41017 (base 16) to base 12.
10a107
What is -8040b3 (base 12) in base 11?
-11449a4
What is -98705 (base 10) in base 16?
-18191
-1101100110011111000 (base 2) to base 15
-8c0c8
What is -41865 (base 14) in base 12?
-77581
What is 143641 (base 8) in base 10?
51105
Convert -52548 (base 10) to base 15.
-10883
Convert -18934 (base 13) to base 10.
-47701
Convert 1506355 (base 9) to base 14.
178d85
-1671674 (base 8) to base 15
-99a8a
Convert 12110112102 (base 3) to base 11.
73895
What is -13114314 (base 5) in base 8?
-374466
-633462 (base 8) to base 14
-56b2a
Convert -133579 (base 12) to base 4.
-1031121231
Convert -2738665 (base 13) to base 9.
-25223577
Convert 4495505 (base 11) to base 15.
a56a72
What is 10300402 (base 5) in base 13?
30b48
What is -520013 (base 6) in base 4?
-22020021
-200134 (base 9) to base 11
-808a4
What is 19ba57 (base 12) in base 7?
3606235
Convert 21000012221012 (base 3) to base 8.
16152174
What is 63b86 (base 16) in base 9?
682257
5a7d2 (base 14) to base 12
a7b30
197ba2 (base 13) to base 4
2131221100
What is 2873b (base 13) in base 6?
1343311
What is 11001001010001110011000 (base 2) in base 10?
6595480
What is -10000233231 (base 4) in base 7?
-11636655
Convert -415716 (base 8) to base 14.
-3850a
What is edbd7 (base 16) in base 3?
1211110210001
What is -10011002002120 (base 3) in base 6?
-55520410
240212144 (base 5) to base 4
10030301330
What is 5913a0 (base 12) in base 13?
3b2389
-50302316 (base 8) to base 10
-10585294
-202121222000011 (base 3) to base 4
-221310130102
What is 3312333 (base 6) in base 12?
7b6a9
What is -773a3 (base 15) in base 7?
-3135312
-10299910 (base 10) to base 2
-100111010010101000000110
-2334200331 (base 5) to base 13
-1165534
-1687730 (base 9) to base 16
-e6730
What is 20331626 (base 7) in base 15?
23a462
Convert 1232112102 (base 4) to base 10.
451986
Convert 9a3636 (base 12) to base 16.
256dca
What is 190498 (base 15) in base 10?
1216043
Convert -14a767 (base 14) to base 9.
-1317164
-18b3213 (base 12) to base 7
-62200104
What is -145a686 (base 13) in base 15?
-87e58a
Convert -1128a0 (base 16) to base 12.
-462914
What is a91ec (base 16) in base 4?
2221013230
-98cab (base 14) to base 11
-233155
What is 174079 (base 10) in base 11?
109874
What is -2142042 (base 5) in base 16?
-911b
What is -106aa6 (base 11) in base 12?
-8270b
5541dc (base 15) to base 12
143b990
-111100200122121 (base 3) to base 5
-3304140402
63b670 (base 14) to base 12
1168416
573341 (base 12) to base 7
14566663
What is -851658 (base 9) in base 10?
-506465
What is -2324131221 (base 5) in base 10?
-5302061
What is -25717473 (base 9) in base 10?
-12648540
Convert 167cab (base 16) to base 4.
11213302223
Convert 1053a5 (base 16) to base 14.
1dbd1b
What is 3bd2f9 (base 16) in base 15?
526a08
Convert 549c (base 15) to base 8.
43002
Convert 2417362 (base 9) to base 14.
261adb
What is -1056997 (base 12) in base 6?
-150250311
Convert 99d409 (base 14) to base 9.
10740076
Convert 334786 (base 9) to base 8.
607307
-7cb2 (base 16) to base 2
-111110010110010
What is -86461 (base 9) in base 7?
-325612
-3113332010 (base 4) to base 5
-211301422
Convert -486126 (base 9) to base 8.
-1074453
What is 421b0 (base 13) in base 16?
1d0a6
Convert -32014203 (base 5) to base 6.
-5415111
Convert -639248 (base 10) to base 15.
-c9618
What is -60562 (base 11) in base 10?
-88519
Convert -6d6bf (base 16) to base 6.
-13334543
Convert -110111100101000000 (base 2) to base 8.
-674500
What is 21112100021122 (base 3) in base 13?
aa19c2
Convert 3330404040 (base 5) to base 9.
14623373
What is a6854 (base 14) in base 13?
111137
What is 53713 (base 10) in base 11?
373a0
Convert 311255 (base 7) to base 9.
81105
W